rs of v.
23
Suppose 0 = -2*p - 0*p + 10. Suppose -c - 8 = -2*x - 2, -p*c - 3*x + 9 = 0. Suppose 4*n - 17 + 1 = c. What are the prime factors of n?
2
Suppose -l - 3 = -w - 4*w, 0 = -w - 5*l - 15. Let t(c) = 3*c - 2*c + w*c + 6. List the prime factors of t(-3).
3
Suppose -4*d - 34 = -5*d. Suppose 4*o - 210 = -d. What are the prime factors of o?
2, 11
Let g = -210 - -410. List the prime factors of g.
2, 5
Let g(w) = -11*w + 6. What are the prime factors of g(-5)?
61
Suppose -5*q + 2*z - z + 9 = 0, -4*q + 20 = -4*z. What are the prime factors of (-31)/(-4) - q/(-4)?
2
What are the prime factors of (-1940)/50*(18/(-4) + 2)?
97
Suppose 3 = -0*m + 3*m. Let s be (-1)/(0/m - -1). List the prime factors of ((-6)/s)/(-3)*-4.
2
Suppose 80 + 196 = 3*z. Suppose -4*r = -z - 116. List the prime factors of r.
2, 13
Let g(w) = 10*w**3 + 1. What are the prime factors of g(1)?
11
Let s(n) = -n**2 - 9*n + 11. What are the prime factors of s(-7)?
5
What are the prime factors of (-1 + 6/4)*6328/14?
2, 113
Suppose -40 = m - 3*m. List the prime factors of m.
2, 5
Let j = -1 + 0. Let v = j - -4. Suppose 3*s = 2*y + 18, 5*s + v*y - 24 = s. What are the prime factors of s?
2, 3
Let v(d) = d + 3. Let s be v(3). Suppose -3 = -s*p + 21. List the prime factors of p.
2
Let i(u) = -u**3 - 3*u**2 + u + 2. Let c be i(-2). Let w be ((-6)/c)/(15/220). Let q = w - 10. List the prime factors of q.
2, 3
Suppose 2*f - 46 = -3*k - 3, 3*f - 4*k - 22 = 0. What are the prime factors of f?
2, 7
Suppose -5*p - 2*g = -39, 4*p - 2*g = g + 45. Suppose -2*f - f + p = 0. What are the prime factors of f?
3
Suppose 3*h - 15 + 0 = 0. Suppose 0 = -3*u - h + 26. Suppose u*a - 4*a - 18 = 0. List the prime factors of a.
2, 3
Suppose m + 43 = s, -125 = -3*s - 4*m - 24. Suppose 0 = 4*n - s - 17. What are the prime factors of n?
2, 7
Let m be 0*(0 - (-2)/4). Suppose -3*p + 26 + 4 = m. What are the prime factors of p?
2, 5
Let o = -9 - -2. Let c = o + 11. Suppose 2*w + c*b + 0 + 10 = 0, -10 = -w + b. What are the prime factors of w?
5
Suppose -2*g - 14 = -s, 2*s = g - 2*s. Suppose -6*i = -5*d - 3*i + 3, 0 = -2*i - 2. List the prime factors of g/(-3 + (d - -1)).
2
Suppose -b = -0*b + 4. Let j be (-2)/b*0*-1. Suppose -4*u - v + 25 = j, u = -5*v + 11 - 0. What are the prime factors of u?
2, 3
Let k be (-2*2)/(2 - 3). Suppose -2*n - 2*j = 4 + k, 9 = -n + 4*j. Let h = 5 - n. What are the prime factors of h?
2, 5
Suppose -3*m + 269 = -70. What are the prime factors of m?
113
Suppose n = 4*n - 135. Suppose -5*l = 5*z - l - n, -z - 3*l = -20. What are the prime factors of z?
5
Let b = 449 - 254. List the prime factors of ((-2)/(-3))/(10/b).
13
Let f = -125 + 200. What are the prime factors of f?
3, 5
Let l be (1 + (-3)/2)*-8. Suppose d - l*o = -2*d + 54, 5*d - 4*o = 82. List the prime factors of d.
2, 7
Let z(n) = -n**3 + n**2 - n + 8. List the prime factors of z(0).
2
Let t be 14*(33/6 + -2). Suppose 3*j - t = 26. List the prime factors of j.
5
Let q(p) = p + 3. Let j(x) = -5*x**2 - 1. Let t be j(1). Let g be q(t). List the prime factors of -3*(4/g + -2).
2, 5
What are the prime factors of 666*(56/(-12) + 5)?
2, 3, 37
Let b = 68 - -3. List the prime factors of b.
71
Let v(x) = -3 + 2*x - 2*x + 2*x. List the prime factors of v(4).
5
Let o = 18 - 12. Let l be o*(-3)/12*-18. Suppose 3*t - 3*s = l, 0 = 4*t - 2*s - 41 + 11. List the prime factors of t.
2, 3
Suppose 4*x = r - 39, r = -2*r - 5*x + 32. What are the prime factors of r?
19
Suppose 3*k + 2*q - 4 = q, 2*q - 8 = -3*k. Suppose 5*b + 10 - 100 = 0. Suppose -3*v = -2*h + b, 0 = -h - 2*v + 2 - k. What are the prime factors of h?
2, 3
Let c(o) = -o**2 - 23*o + 58. List the prime factors of c(-23).
2, 29
Let d = 177 - 70. What are the prime factors of d?
107
Let z = 5 + 48. List the prime factors of z.
53
Let i(k) = k**2 - 2*k - 6. Suppose 2 = -2*d + 4*t + 8, -4*d - 5*t = -25. List the prime factors of i(d).
3
Let n = 274 - 181. Suppose 3*v - n = -36. What are the prime factors of v?
19
Let k(t) = -4*t + 2. Let b be -1*(-2 + 3)*2. What are the prime factors of k(b)?
2, 5
Let f be ((-4)/2)/(14/(-231)). Suppose -27 - f = -2*c. What are the prime factors of c?
2, 3, 5
Let j be 4/(-2)*-1 + 218. List the prime factors of ((-6)/(-4))/(15/j).
2, 11
What are the prime factors of 243 - 4 - 10/(-2)?
2, 61
Let n(s) = 19*s + 1. What are the prime factors of n(5)?
2, 3
Let x(m) = 3*m**2 - 8*m + 15. What are the prime factors of x(-10)?
5, 79
Let p = 4 + 0. Suppose -64 = p*y - 4. What are the prime factors of (3/(-5))/(1/y)?
3
Let q(h) = 6*h**2 - 10*h + 5. What are the prime factors of q(4)?
61
Let s be 4*(22 + (-4)/(-1)). Let g = -62 + s. List the prime factors of g.
2, 3, 7
Let a = 27 + -12. Suppose a = 3*d - 2*d + 2*g, 2*d = -5*g + 33. What are the prime factors of d?
3
Suppose 0 = s + 3*m, -4*m = -6*s + s. Let y = s + 0. Let w = 11 - y. List the prime factors of w.
11
Suppose w - 13 - 17 = 0. What are the prime factors of w?
2, 3, 5
Let b(w) = -2*w**2 + w + 2. Let n(p) = -2*p**2 + 2*p + 2. Let r(v) = -5*b(v) + 4*n(v). List the prime factors of r(2).
2, 3
Let q(z) = -z**3 - 13*z**2 - 2*z - 10. What are the prime factors of q(-13)?
2
Let c(x) = -x**2 + 5*x + 2. Let u be c(4). Suppose 49 = 4*s + h, -s + 0*h + u = -h. What are the prime factors of s?
11
Let z = 19 + -23. List the prime factors of 6/3 - 20/z.
7
Suppose -3*i - 5*q + 104 = 33, -26 = -i - 4*q. Let r be 6 + (-1)/(1/2). Suppose -5*d - r*l + 27 = -67, 0 = d + 4*l - i. What are the prime factors of d?
2, 3
List the prime factors of 8/(-12) - (-59)/(-6)*-8.
2, 3, 13
Let m be 2/(-2) + -1 + 1. Let f = -3 - m. List the prime factors of f/8 - 77/(-4).
19
Suppose 5*c - q = -2*q + 123, -c - 3*q + 19 = 0. What are the prime factors of c?
5
Let n = -173 - -265. What are the prime factors of n?
2, 23
Let j(r) = r**3 + 9*r**2 - r + 6. Let i be j(-9). Suppose 0 = 2*s, s + 17 = 4*b - i. What are the prime factors of b?
2
Suppose 0 = 17*s + 3626 - 10494. What are the prime factors of s?
2, 101
Let k(g) = g**3 + 6*g**2 - 5*g. Let w be k(-6). Let r = -12 + 54. Let u = r - w. What are the prime factors of u?
2, 3
Let q = -84 + 46. Let c = 55 + q. What are the prime factors of c?
17
Let z(c) be the second derivative of c**3/2 - 3*c**2/2 - 4*c. What are the prime factors of z(3)?
2, 3
Suppose -2*k - v = 2*k - 508, 5*k = -2*v + 632. List the prime factors of k.
2
Let k(r) = -r**3 - 3*r**2 + 4*r - 4. Let i be 3 + -4 + 1*-4. Let l be k(i). Let c = l + -16. What are the prime factors of c?
2, 5
Suppose 28*w + 4 = 30*w. Suppose -3*s - w = -20. List the prime factors of s.
2, 3
Let n(a) = -a**3 - 6*a**2 + 1. Let m be n(-6). Let h be m - (-3 - (1 - 2)). What are the prime factors of 2/(h*(-1)/(-12))?
2
Suppose -34 = 5*u + 3*o + 4, -31 = 5*u - 4*o. Let p = 9 + u. Suppose -57 = -p*s - s. List the prime factors of s.
19
Let c(d) = -d**3 + 9*d**2 + 7*d + 11. List the prime factors of c(8).
131
Let h = -36 + 104. What are the prime factors of h?
2, 17
Suppose d = 2*x - 17 - 7, -3*x - 3*d = -27. What are the prime factors of x + -1 + (3 - 0)?
13
Let h = 79 - 9. What are the prime factors of h?
2, 5, 7
List the prime factors of 1356/8 + 1*2/4.
2, 5, 17
Suppose 0 = -q - 5*r + 15, 5*q + 0*q = r - 3. Suppose 2*x + 4*u - 66 = q, 7*x - 3*x + 3*u - 107 = 0. List the prime factors of x.
23
Let g(p) = 15*p - 9. List the prime factors of g(5).
2, 3, 11
Let q = 4 + -1. Suppose -q*n - 25 = -2*p, 5*p + 2*n = 39 + 71. What are the prime factors of p?
2, 5
List the prime factors of 0 + 702/21 + (-15)/35.
3, 11
Suppose 3*p - 69 = -0*p. Let h be (p/4)/((-2)/(-8)). Let s = h + -11. What are the prime factors of s?
2, 3
Let k(j) = -j**3 - 5*j**2 + 7*j + 9. Let c be k(-6). Let a = c + -5. List the prime factors of -2 + (-16)/(a/2).
2, 7
Let a be (3/(-3))/1*-1. Suppose 0 = c + 5*o + 15 - a, 0 = 2*c + 3*o. List the prime factors of c.
2, 3
Let k(o) = -o**3 - 2*o**2 - 2*o + 6. What are the prime factors of k(0)?
2, 3
Let n = 27 - 19. Let f = n + 12. What are the prime factors of f?
2, 5
Suppose 0 = -3*o - 46 + 7. Let p(d) = -d - 7. Let w be p(0). Let h = w - o. List the prime factors of h.
2, 3
Let d = 8 + -1. What are the prime factors of d?
7
Let d be (0*(0 - 1))/2. Let s = 10 + -5. Suppose 2*k - s - 17 = d. List the prime factors of k.
11
Let o = 71 - 44. Suppose -5*